{"id":1074,"date":"2025-03-07T15:16:15","date_gmt":"2025-03-07T14:16:15","guid":{"rendered":"https:\/\/www.addprofile.se\/kffs\/?page_id=1074"},"modified":"2025-11-13T11:52:48","modified_gmt":"2025-11-13T10:52:48","slug":"allmanna-villkor","status":"publish","type":"page","link":"https:\/\/www.addprofile.se\/kffs\/allmanna-villkor\/","title":{"rendered":"Allm\u00e4nna villkor"},"content":{"rendered":"<p><strong>Allm\u00e4n<\/strong><\/p><p>Add Profile AB, org. nr. 556821-9082, Box 152, 178 22 EKER\u00d6, Sverige (\u201dAdd Profile AB\u201d) \u00e4r det f\u00f6retag som tillhandah\u00e5ller sajten https:\/\/www.addprofile.se\/kffs\/, h\u00e4danefter kallad \u201cwebbplatsen\u201d. I f\u00f6ljande villkor h\u00e4nvisar anv\u00e4ndningen av orden \u201dvi\u201d, \u201dv\u00e5r\u201d, \u201dv\u00e5r\u201d och \u201doss\u201d till Add Profile AB. F\u00f6ljande villkor g\u00e4ller f\u00f6r alla best\u00e4llningar som g\u00f6rs av kunden (h\u00e4danefter kallad \u201ddu\u201d) hos oss.<\/p><p>Om du vill kontakta oss rekommenderar vi att du kontaktar v\u00e5r kundtj\u00e4nst via e-post p\u00e5 info@addprofile.se<\/p><p>Genom att anv\u00e4nda v\u00e5r webbplats och\/eller g\u00f6ra en best\u00e4llning samtycker du till att f\u00f6lja de villkor och villkor som anges i detta dokument (kallas \u201dvillkoren\u201d). Se till att du har l\u00e4st och f\u00f6rst\u00e5tt dessa villkor innan du g\u00f6r en best\u00e4llning.<\/p><p>F\u00f6r att k\u00f6pa varor fr\u00e5n v\u00e5r hemsida m\u00e5ste du vara minst 18 \u00e5r gammal.<\/p><p>Vi tar din personliga integritet p\u00e5 allvar och det \u00e4r viktigt f\u00f6r oss att vi skyddar dina uppgifter. Vi behandlar alltid personuppgifter i enlighet med g\u00e4llande lagar, och v\u00e5r integritetspolicy har uppdaterats i enlighet med General Data Protection Regulation (GDPR) som tr\u00e4dde i kraft den 25 maj 2018. F\u00f6r att komma \u00e5t denna policy och f\u00f6r att se mer information om hur vi behandlar dina personuppgifter, se v\u00e5r&nbsp;<a href=\"https:\/\/www.addprofile.se\/kffs\/integritetspolicy\/\">integritetspolicy<\/a>.<\/p><p>Add Profile har \u00e5tagit sig att s\u00e4kerst\u00e4lla att din integritet skyddas. Om vi ber dig att tillhandah\u00e5lla viss information som g\u00f6r att du kan identifieras n\u00e4r du anv\u00e4nder denna webbplats, kan du vara s\u00e4ker p\u00e5 att den endast kommer att anv\u00e4ndas i enlighet med denna sekretesspolicy. Add Profile AB kan komma att \u00e4ndra denna policy fr\u00e5n tid till annan genom att uppdatera denna sida. Du b\u00f6r kontrollera denna sida d\u00e5 och d\u00e5 f\u00f6r att s\u00e4kerst\u00e4lla att du \u00e4r n\u00f6jd med eventuella \u00e4ndringar.<\/p><p>En produkt som listas p\u00e5 v\u00e5r webbplats vid en given tidpunkt betyder inte n\u00f6dv\u00e4ndigtvis att produkten \u00e4r tillg\u00e4nglig och det garanterar inte heller att produkten alltid \u00e4r tillg\u00e4nglig. Vi f\u00f6rbeh\u00e5ller oss r\u00e4tten att n\u00e4r som helst sluta s\u00e4lja en produkt.<\/p><p>Vi f\u00f6rbeh\u00e5ller oss r\u00e4tten att \u00e4ndra villkoren vid behov och utan att meddela dig i f\u00f6rv\u00e4g. Den version av villkoren som g\u00e4ller f\u00f6r din best\u00e4llning \u00e4r den version som fanns tillg\u00e4nglig p\u00e5 webbplatsen n\u00e4r du gjorde din best\u00e4llning.<\/p><ul><li><strong>Priser<\/strong><\/li><\/ul><p>De priser som anges p\u00e5 v\u00e5r hemsida inkluderar moms enligt lag.<\/p><p>Kostnader och leveranstider f\u00f6r de olika leveranss\u00e4tten framg\u00e5r tydligt i kassan. Om vi inte kan leverera din best\u00e4llning i sin helhet i en och samma f\u00f6rs\u00e4ndelse och ist\u00e4llet m\u00e5ste dela upp den i flera f\u00f6rs\u00e4ndelser, kommer du inte att debiteras n\u00e5gra extra avgifter f\u00f6r efterf\u00f6ljande leveranser.<\/p><p>Kampanjpriser g\u00e4ller endast kampanjprodukter som finns i lager. Kampanjerbjudanden och rabatterade produkter f\u00e5r inte kombineras med rabattkoder. Om en rabattkod har aktiverats i kombination med en annan rabattkod eller med en eller flera redan rabatterade produkter som ytterligare skulle s\u00e4nka produktens pris, har Add Profile r\u00e4tt att debitera kunden motsvarande belopp. Vi f\u00f6rbeh\u00e5ller oss r\u00e4tten att n\u00e4r som helst och utan f\u00f6reg\u00e5ende meddelande \u00e5terkalla specialerbjudanden och rabatter.<\/p><p>Vi f\u00f6rbeh\u00e5ller oss r\u00e4tten att annullera best\u00e4llningar f\u00f6r uppenbart felaktiga priser. Uppenbarligen felaktiga priser kan inneb\u00e4ra (men \u00e4r inte begr\u00e4nsade till) felaktiga priss\u00e4nkningar i samband med en kampanj, eller en vara listad utan kostnad\/gratis. Add Profile har alltid r\u00e4tt att annullera best\u00e4llningar som inneh\u00e5ller uppenbart felaktiga priser. Kunden kan sedan l\u00e4gga en ny best\u00e4llning till r\u00e4tt pris.<\/p><ul><li><strong>Betalningsmetoder<\/strong><\/li><\/ul><p>Vi anv\u00e4nder oss av Klarnas betall\u00f6sning f\u00f6r checkout, vilket ger dig som kund m\u00f6jlighet att v\u00e4lja mellan flera olika betalningsalternativ s\u00e5som faktura, delbetalning eller direktbetalning. De betalningsmetoder som finns tillg\u00e4ngliga f\u00f6r dig presenteras i kassan.<br><br>\u00d6vrigt<br>Du m\u00e5ste ange en giltig och korrekt e-postadress f\u00f6r att g\u00f6ra en best\u00e4llning. Du m\u00e5ste meddela Add Profile om din e-postadress \u00e4ndras. Observera att Add Profile f\u00f6rbeh\u00e5ller sig r\u00e4tten att skicka betalningsf\u00f6rfr\u00e5gningar till denna e-postadress.<\/p><p>Om du vill ha mer information om v\u00e5ra betalningsmetoder, v\u00e4nligen l\u00e4s&nbsp;<a href=\"https:\/\/www.addprofile.se\/kffs\/betalning\/\">h\u00e4r<\/a>.<\/p><ul><li><strong>Best\u00e4llning<\/strong><\/li><\/ul><p>Du kan best\u00e4lla online via v\u00e5r hemsida. Om du har n\u00e5gra fr\u00e5gor ang\u00e5ende best\u00e4llning, v\u00e4nligen kontakta v\u00e5r kundtj\u00e4nst.<\/p><p>N\u00e4r du har lagt din best\u00e4llning skickar vi dig en orderbekr\u00e4ftelse via e-post. Om vi av n\u00e5gon anledning inte kan skicka din best\u00e4llning kommer vi att informera dig om denna situation s\u00e5 snart som m\u00f6jligt. Om vi redan har tagit emot betalning f\u00f6r en best\u00e4llning som vi inte kan uppfylla, kommer vi att \u00e5terbetala det aktuella beloppet med samma betalningsmetod som anv\u00e4ndes f\u00f6r att g\u00f6ra best\u00e4llningen, i den m\u00e5n det \u00e4r m\u00f6jligt att g\u00f6ra det. Om \u00e5terbetalningen av n\u00e5gon anledning m\u00e5ste g\u00f6ras p\u00e5 annat s\u00e4tt kommer en anst\u00e4lld p\u00e5 Add Profile att kontakta dig f\u00f6r att s\u00e4kerst\u00e4lla att \u00e5terbetalningen kan g\u00f6ras.<br>&nbsp;<\/p><ul><li><strong>Uppr\u00e4ttande av k\u00f6peavtal<\/strong><\/li><\/ul><p>Ett k\u00f6peavtal ing\u00e5s f\u00f6rst n\u00e4r Add Profile bekr\u00e4ftat din best\u00e4llning och n\u00e4r du har f\u00e5tt en orderbekr\u00e4ftelse fr\u00e5n oss via e-post. Vi rekommenderar starkt att du sparar denna orderbekr\u00e4ftelse om du skulle kontakta v\u00e5r kundtj\u00e4nst. Du kan avbryta din best\u00e4llning tills den har bekr\u00e4ftats av Add Profile. Om best\u00e4llningen annulleras kommer vi att \u00e5terbetala alla betalningar som du har gjort eller betalningar gjorda av ett kredit-\/betalkortsf\u00f6retag f\u00f6r din r\u00e4kning ang\u00e5ende best\u00e4llningen.<\/p><ul><li><strong>Leverans<\/strong><\/li><\/ul><p>Add Profile \u00e4r ytterst f\u00f6rsiktig n\u00e4r det g\u00e4ller att ta emot och hantera best\u00e4llningar. Vi str\u00e4var alltid efter att leverera din best\u00e4llning i enlighet med det leveransalternativ du valt. Du m\u00e5ste ange en korrekt och fullst\u00e4ndig adress med din best\u00e4llning; vi kan inte garantera m\u00f6jligheten att \u00e4ndra denna information efter att du har slutf\u00f6rt ditt k\u00f6p. Kunden \u00e4r ensam ansvarig f\u00f6r eventuella leveransfel p\u00e5 grund av bristande information eller fel i leveransadressen som en del av best\u00e4llningen.<\/p><p>Add Profile str\u00e4var efter att skicka best\u00e4llningar s\u00e5 snart som m\u00f6jligt och i den ordning som vi tar emot dem. \u00c4ven om vi str\u00e4var efter att leverera best\u00e4llningar inom de angivna tidsramarna f\u00f6r varje best\u00e4llningsmetod, kan leveranserna ta l\u00e4ngre tid p\u00e5 grund av of\u00f6rutsedda h\u00e4ndelser. Under reklamkampanjer och perioder med h\u00f6g volym kan vi inte garantera normal leveranstid. Om din best\u00e4llning \u00e4r f\u00f6rsenad och f\u00f6rseningen \u00e4r av avg\u00f6rande betydelse f\u00f6r dig som k\u00f6pare, har du r\u00e4tt att h\u00e4va k\u00f6pet. Om paketet inte h\u00e4mtas fr\u00e5n utl\u00e4mningsst\u00e4llet kommer det automatiskt att registreras som ett ej uth\u00e4mtat paket; Add Profile har r\u00e4tt att ta ut en expeditionsavgift p\u00e5 15 euro p\u00e5 outh\u00e4mtade paket.<\/p><p>Om du har fr\u00e5gor om leverans v\u00e4nligen kontakta kundtj\u00e4nst.<\/p><ul><li><strong>Skador under transport<\/strong><\/li><\/ul><p>I h\u00e4ndelse av att n\u00e5gon skada uppst\u00e5r under transporten, m\u00e5ste du meddela kundtj\u00e4nst omedelbart vid uppt\u00e4ckt, senast 5 dagar efter mottagandet eller h\u00e4mtning av paketet\/paketen. Ta bilder som dokumenterar skadorna och skicka dem till v\u00e5r kundtj\u00e4nst. N\u00e4r ett avtal har tr\u00e4ffats med kundtj\u00e4nst som erk\u00e4nner transportskadan och reklamationen har godk\u00e4nts, skickar vi ers\u00e4ttningsvaror om de finns tillg\u00e4ngliga och i lager.<br><\/p><ul><li><strong>\u00c5ngerr\u00e4tt\/Retur<\/strong><\/li><\/ul><ul><li>Alla v\u00e5ra produkter tillverkas specifikt efter kundens \u00f6nskem\u00e5l. D\u00e4rf\u00f6r g\u00e4ller inte \u00e5ngerr\u00e4tten enligt lag (2005:59) om distansavtal och avtal utanf\u00f6r aff\u00e4rslokaler f\u00f6r specialtillverkade produkter med personlig pr\u00e4gel, s\u00e5som produkter med namntryck eller andra kundspecifika anpassningar. Vi rekommenderar att du noggrant granskar din best\u00e4llning, inklusive stavning och designval, innan den skickas in.<\/li>\n\n<li><strong>Leveranstid<\/strong><\/li>\n\n<li>Produkter i shoppen tillverkas f\u00f6rst vid best\u00e4llning och har d\u00e4rf\u00f6r en leveranstid p\u00e5 cirka 14 dagar.<\/li>\n\n<li><strong>Reklamation<\/strong><\/li>\n\n<li>Om en produkt \u00e4r defekt, skadad vid leverans eller inte motsvarar specifikationerna, ber vi dig att kontakta oss inom&nbsp;<strong>5 arbetsdagar<\/strong>&nbsp;efter mottagen leverans f\u00f6r att reklamera produkten.<\/li>\n\n<li><strong>S\u00e5 h\u00e4r g\u00f6r du en reklamation:<\/strong><br>Skicka ett e-postmeddelande till&nbsp;<strong>info@addprofile.se<\/strong>&nbsp;och inkludera:<\/li>\n\n<li><strong>Ordernummer<\/strong><\/li>\n\n<li><strong>Beskrivning av felet<\/strong><\/li>\n\n<li><strong>Tydliga bilder<\/strong>&nbsp;som visar skadan eller problemet<\/li>\n\n<li><strong>Reklamationer godk\u00e4nns om:<\/strong><\/li>\n\n<li>Produkten har ett tydligt produktionsfel.<\/li>\n\n<li>Produkten \u00e4r skadad under transport (m\u00e5ste anm\u00e4las inom 5 dagar).<\/li>\n\n<li>Produkten inte \u00f6verensst\u00e4mmer med den best\u00e4llning som har gjorts.<\/li>\n\n<li><strong>Reklamationer godk\u00e4nns inte om:<\/strong><\/li>\n\n<li>Felet beror p\u00e5 felaktig information fr\u00e5n kunden (t.ex. stavfel, felaktiga f\u00e4rgval eller design).<\/li>\n\n<li>Produkten \u00e4r anv\u00e4nd eller skadad efter mottagandet.<\/li>\n\n<li>Kunden har orimliga f\u00f6rv\u00e4ntningar p\u00e5 produktens kvalitet, baserat p\u00e5 pris och beskrivning.<\/li>\n\n<li><strong>Defekta produktanspr\u00e5k<\/strong><\/li><\/ul><p>Du har en laglig r\u00e4tt att h\u00e4vda att en produkt \u00e4r defekt. Om du har f\u00e5tt en vara som \u00e4r trasig eller defekt, v\u00e4nligen kontakta v\u00e5r kundtj\u00e4nst. Observera att du m\u00e5ste meddela oss om defekten eller felet \u201dinom rimlig tid\u201d efter att du har uppt\u00e4ckt det. Ett krav som g\u00f6rs inom tv\u00e5 m\u00e5nader efter uppt\u00e4ckten anses vara en rimlig tid. Om du inte har gjort ett krav inom tre \u00e5r efter att du mottagit varan, har din garantir\u00e4tt f\u00f6r reklamationen f\u00f6rverkats.<\/p><p>Exempel p\u00e5 p\u00e5st\u00e5enden som vanligtvis godk\u00e4nns \u00e4r uppenbara material- eller tillverkningsfel som saknade s\u00f6mmar, felaktigt sydda fickor eller trasiga dragkedjor.<\/p><p>Exempel p\u00e5 fall som inte ing\u00e5r i garantin: ett plagg med ull- eller polyesternappar, onaturligt snabbt slitage av plagg, tryck p\u00e5 plagg som bleknar efter att de tv\u00e4ttas, etc.<\/p><p>Om du \u00e4r os\u00e4ker p\u00e5 om f\u00f6rekomsten av just ditt plagg \u00e4r ett defekt som t\u00e4cks av garantin, v\u00e4nligen kontakta kundtj\u00e4nst.<\/p><p>Om defekten kring varan godk\u00e4nns av kundtj\u00e4nst st\u00e5r vi f\u00f6r returfrakten s\u00e5 l\u00e4nge du anv\u00e4nder den medf\u00f6ljande f\u00f6rbetalda returetiketten. V\u00e4nligen fyll i det medf\u00f6ljande returformul\u00e4ret. Om du inte l\u00e4ngre har din f\u00f6rbetalda returetikett, v\u00e4nligen kontakta kundtj\u00e4nst. I h\u00e4ndelse av ett godk\u00e4nt krav kommer vi att ers\u00e4tta dig f\u00f6r defekten i enlighet med alla till\u00e4mpliga lagar och relevanta riktlinjer. Alla varor som returneras genom denna reklamationsprocess m\u00e5ste reng\u00f6ras innan de skickas in. Du som kund \u00e4r ansvarig f\u00f6r skicket p\u00e5 de skickade varorna, s\u00e5 se till att packa alla varor v\u00e4l och s\u00e4kert. Vi tar inte emot f\u00f6rs\u00e4ndelser som har skickats som postf\u00f6rskott.<\/p><ul><li><strong>F\u00e4rger, m\u00e5tt &amp; vikt<\/strong><\/li><\/ul><p>Vi str\u00e4var alltid efter att visa v\u00e5ra produkters egenskaper, sammans\u00e4ttning och f\u00e4rger s\u00e5 exakt som m\u00f6jligt. Vilken f\u00e4rg du ser p\u00e5 v\u00e5r webbplats kan dock bero p\u00e5 din enhets sk\u00e4rm; vi kan inte garantera att din enhet visuellt kan \u00e5terge f\u00e4rgerna p\u00e5 v\u00e5ra produkter korrekt.<\/p><p>Add Profile tar inte ansvar f\u00f6r f\u00e4rgerna och utseendet p\u00e5 v\u00e5ra produkter som presenteras i bilder p\u00e5 sociala medier d\u00e5 dessa bilder kan ha redigerats.<\/p><p>M\u00e5tten och vikterna som anges f\u00f6r produkter p\u00e5 v\u00e5r webbplats \u00e4r endast ungef\u00e4rliga v\u00e4rden. Dessa uppskattningar \u00e4r utformade f\u00f6r att ge dig en b\u00e4ttre uppfattning om f\u00f6rem\u00e5let eller passformen p\u00e5 ett specifikt plagg; det finns ingen definitiv garanti f\u00f6r att de representerar de faktiska m\u00e5tten p\u00e5 plagget du f\u00e5r. M\u00e5tten p\u00e5 ett plagg kan variera beroende p\u00e5 vilket material som anv\u00e4nds vid tillverkningen. Samma storlek i olika modeller kan ibland skilja sig till och med i stor utstr\u00e4ckning beroende p\u00e5 design, material och passform som var och en ger.<\/p><p>Force majeure<br>Vi ansvarar inte f\u00f6r underl\u00e5tenhet att uppfylla vissa f\u00f6rpliktelser som anges i v\u00e5ra villkor om ett s\u00e5dant underl\u00e5tenhet beror p\u00e5 omst\u00e4ndigheter som vi inte haft kontroll \u00f6ver eller i det fall att s\u00e5dana omst\u00e4ndigheter hindrar verksamheten eller g\u00f6r fullg\u00f6randet osk\u00e4ligt betungande. S\u00e5dana omst\u00e4ndigheter inkluderar men \u00e4r inte begr\u00e4nsade till krigshandlingar, blockader och embargon, upplopp, brand, naturkatastrofer, k\u00e4rnkraftsolyckor och\/eller sabotage.<\/p><p>V\u00e5rt maximala ansvar gentemot dig f\u00f6r eventuella f\u00f6rluster eller skador som uppst\u00e5r i samband med din best\u00e4llning p\u00e5 webbplatsen \u00e4r begr\u00e4nsat till det totala k\u00f6pbeloppet f\u00f6r din best\u00e4llning.<\/p><p>Tvister<br>Du kan l\u00e4mna in klagom\u00e5l via EU-kommissionens ODR-plattform (Online Dispute Resolution) f\u00f6r medling i tvister. ODR-plattformen erbjuder konsumenter och f\u00f6retag inom EU m\u00f6jligheten att f\u00f6rs\u00f6ka en utomr\u00e4ttslig l\u00f6sning f\u00f6r att l\u00f6sa tvister ang\u00e5ende klagom\u00e5l om varor k\u00f6pta online. Portalen \u00e4r utformad som en anv\u00e4ndarv\u00e4nlig och interaktiv webbplats, gratis att anv\u00e4nda och tillg\u00e4nglig p\u00e5 alla officiella EU-spr\u00e5k. Genom att anv\u00e4nda ODR-plattformen kan konsumenten och f\u00f6retaget hitta ett acceptabelt s\u00e4tt att l\u00f6sa sin tvist och sedan g\u00e5 igenom l\u00e4mpliga processer f\u00f6r att hitta en l\u00f6sning p\u00e5 konsumentens klagom\u00e5l. ODR-plattformen finns h\u00e4r:&nbsp;<a href=\"http:\/\/ec.europa.eu\/odr\">http:\/\/ec.europa.eu\/odr<\/a>.<br>&nbsp;<\/p><ul><li><strong>\u00d6verf\u00f6ra<\/strong><\/li><\/ul><p>Add Profile f\u00f6rbeh\u00e5ller sig r\u00e4tten att \u00f6verf\u00f6ra eller pants\u00e4tta betalningsanspr\u00e5k till tredje part inklusive delbetalningar som uppkommit i samband med leverans av varor.<\/p><ul><li><strong>Giltighet av klausuler<\/strong><\/li><\/ul><p>Om en eller flera best\u00e4mmelser i detta avtal \u00e4r ogiltiga eller ogiltigf\u00f6rklarade av n\u00e5gon domstol eller tillsynsmyndighet, ska detta inte p\u00e5verka giltigheten av de \u00e5terst\u00e5ende best\u00e4mmelserna i detta avtal.<\/p><ul><li><strong>F\u00f6retagsinformation<\/strong><\/li><\/ul><p>Add Profile AB \u00e4r registrerat med huvudkontor i Stockholm, Sverige.<\/p><p>Registrerat kontor:<br>Add Profile AB<br>Box 152<br>178 22 EKER\u00d6, Sweden<br>Org. nr:&nbsp;556821-9082<br>VAT registration number:&nbsp;SE556821908201<\/p><p>Kontaktinformation:<br>AddProfile.se<br>Support<br>Email: info@addprofile.se<\/p>","protected":false},"excerpt":{"rendered":"<p>Allm\u00e4n Add Profile AB, org. nr. 556821-9082, Box 152, 178 22 EKER\u00d6, Sverige (\u201dAdd Profile AB\u201d) \u00e4r det f\u00f6retag som tillhandah\u00e5ller sajten https:\/\/www.addprofile.se\/kffs\/, h\u00e4danefter kallad \u201cwebbplatsen\u201d. I f\u00f6ljande villkor h\u00e4nvisar anv\u00e4ndningen av orden \u201dvi\u201d, \u201dv\u00e5r\u201d, \u201dv\u00e5r\u201d och \u201doss\u201d till Add Profile AB. F\u00f6ljande villkor g\u00e4ller f\u00f6r alla best\u00e4llningar som g\u00f6rs av kunden (h\u00e4danefter kallad \u201ddu\u201d) [&hellip;]<\/p>\n","protected":false},"author":2,"featured_media":0,"parent":0,"menu_order":0,"comment_status":"closed","ping_status":"closed","template":"","meta":{"footnotes":""},"_links":{"self":[{"href":"https:\/\/www.addprofile.se\/kffs\/wp-json\/wp\/v2\/pages\/1074"}],"collection":[{"href":"https:\/\/www.addprofile.se\/kffs\/wp-json\/wp\/v2\/pages"}],"about":[{"href":"https:\/\/www.addprofile.se\/kffs\/wp-json\/wp\/v2\/types\/page"}],"author":[{"embeddable":true,"href":"https:\/\/www.addprofile.se\/kffs\/wp-json\/wp\/v2\/users\/2"}],"replies":[{"embeddable":true,"href":"https:\/\/www.addprofile.se\/kffs\/wp-json\/wp\/v2\/comments?post=1074"}],"version-history":[{"count":2,"href":"https:\/\/www.addprofile.se\/kffs\/wp-json\/wp\/v2\/pages\/1074\/revisions"}],"predecessor-version":[{"id":41406,"href":"https:\/\/www.addprofile.se\/kffs\/wp-json\/wp\/v2\/pages\/1074\/revisions\/41406"}],"wp:attachment":[{"href":"https:\/\/www.addprofile.se\/kffs\/wp-json\/wp\/v2\/media?parent=1074"}],"curies":[{"name":"wp","href":"https:\/\/api.w.org\/{rel}","templated":true}]}}