{"id":1094,"date":"2025-03-07T16:29:44","date_gmt":"2025-03-07T15:29:44","guid":{"rendered":"https:\/\/www.addprofile.se\/kffs\/?page_id=1094"},"modified":"2025-03-19T16:29:26","modified_gmt":"2025-03-19T15:29:26","slug":"kontakta-oss","status":"publish","type":"page","link":"https:\/\/www.addprofile.se\/kffs\/kontakta-oss\/","title":{"rendered":"Kontakta oss"},"content":{"rendered":"<div style=\"height:22px\" aria-hidden=\"true\" class=\"wp-block-spacer\"><\/div><div class=\"wp-block-columns is-layout-flex wp-container-core-columns-is-layout-1 wp-block-columns-is-layout-flex\"><div class=\"wp-block-column is-layout-flow wp-block-column-is-layout-flow\"><p><strong><strong>Kontakta oss<\/strong><\/strong><br><br>Om du beh\u00f6ver hj\u00e4lp \u00e4r vi bara ett klick, samtal eller mail bort.<br><br>Ring, maila eller chatta med oss.<br><br>Vi hj\u00e4lper dig g\u00e4rna!<br><br><\/p><\/div>\n\n<div class=\"wp-block-column is-layout-flow wp-block-column-is-layout-flow\"><figure class=\"wp-block-image size-full\"><img loading=\"lazy\" decoding=\"async\" width=\"1024\" height=\"682\" src=\"https:\/\/www.addprofile.se\/kffs\/wp-content\/uploads\/sites\/5\/2025\/03\/computer_pc_workplace_home_office_desktop_computer_startup_technology_work-824719-kopiera-1024x682-1.jpg\" alt=\"\" class=\"wp-image-1101\" srcset=\"https:\/\/www.addprofile.se\/kffs\/wp-content\/uploads\/sites\/5\/2025\/03\/computer_pc_workplace_home_office_desktop_computer_startup_technology_work-824719-kopiera-1024x682-1.jpg 1024w, https:\/\/www.addprofile.se\/kffs\/wp-content\/uploads\/sites\/5\/2025\/03\/computer_pc_workplace_home_office_desktop_computer_startup_technology_work-824719-kopiera-1024x682-1-300x200.jpg 300w, https:\/\/www.addprofile.se\/kffs\/wp-content\/uploads\/sites\/5\/2025\/03\/computer_pc_workplace_home_office_desktop_computer_startup_technology_work-824719-kopiera-1024x682-1-768x512.jpg 768w, https:\/\/www.addprofile.se\/kffs\/wp-content\/uploads\/sites\/5\/2025\/03\/computer_pc_workplace_home_office_desktop_computer_startup_technology_work-824719-kopiera-1024x682-1-324x216.jpg 324w, https:\/\/www.addprofile.se\/kffs\/wp-content\/uploads\/sites\/5\/2025\/03\/computer_pc_workplace_home_office_desktop_computer_startup_technology_work-824719-kopiera-1024x682-1-416x277.jpg 416w\" sizes=\"(max-width: 1024px) 100vw, 1024px\" \/><\/figure><\/div><\/div><div class=\"wp-block-columns is-layout-flex wp-container-core-columns-is-layout-2 wp-block-columns-is-layout-flex\"><div class=\"wp-block-column is-layout-flow wp-block-column-is-layout-flow\" style=\"flex-basis:33.33%\"><div class=\"wp-block-buttons is-layout-flex wp-block-buttons-is-layout-flex\"><div class=\"wp-block-button\"><a class=\"wp-block-button__link wp-element-button\">Maila oss<br>info@addprofile.se<\/a><\/div><\/div><\/div>\n\n<div class=\"wp-block-column is-layout-flow wp-block-column-is-layout-flow\" style=\"flex-basis:66.66%\"><div class=\"wp-block-buttons is-layout-flex wp-block-buttons-is-layout-flex\"><div class=\"wp-block-button\"><a class=\"wp-block-button__link wp-element-button\">Ring oss<br>+468260642<\/a><\/div><\/div><\/div><\/div><div style=\"height:35px\" aria-hidden=\"true\" class=\"wp-block-spacer\"><\/div><div class=\"forminator-guttenberg\"><div class=\"forminator-ui forminator-custom-form forminator-custom-form-1096 forminator-design--default  forminator_ajax\" data-forminator-render=\"0\" data-form=\"forminator-module-1096\" data-uid=\"6a0214043b910\"><br\/><\/div><form\n\t\t\t\tid=\"forminator-module-1096\"\n\t\t\t\tclass=\"forminator-ui forminator-custom-form forminator-custom-form-1096 forminator-design--default  forminator_ajax\"\n\t\t\t\tmethod=\"post\"\n\t\t\t\tdata-forminator-render=\"0\"\n\t\t\t\tdata-form-id=\"1096\"\n\t\t\t\t data-color-option=\"theme\" data-design=\"default\" data-grid=\"open\" style=\"display: none;\"\n\t\t\t\tdata-uid=\"6a0214043b910\"\n\t\t\t><div role=\"alert\" aria-live=\"polite\" class=\"forminator-response-message forminator-error\" aria-hidden=\"true\"><\/div><div class=\"forminator-row\"><div id=\"name-1\" class=\"forminator-field-name forminator-col forminator-col-12 \"><div class=\"forminator-field\"><label for=\"forminator-field-name-1_6a0214043b910\" id=\"forminator-field-name-1_6a0214043b910-label\" class=\"forminator-label\">Ditt Namn <span class=\"forminator-required\">*<\/span><\/label><input type=\"text\" name=\"name-1\" value=\"\" placeholder=\"E.g. John\" id=\"forminator-field-name-1_6a0214043b910\" class=\"forminator-input forminator-name--field\" aria-required=\"true\" autocomplete=\"name\" \/><\/div><\/div><\/div><div class=\"forminator-row\"><div id=\"email-1\" class=\"forminator-field-email forminator-col forminator-col-12 \"><div class=\"forminator-field\"><label for=\"forminator-field-email-1_6a0214043b910\" id=\"forminator-field-email-1_6a0214043b910-label\" class=\"forminator-label\">Din e-post <span class=\"forminator-required\">*<\/span><\/label><input type=\"email\" name=\"email-1\" value=\"\" placeholder=\"E.g. john@doe.com\" id=\"forminator-field-email-1_6a0214043b910\" class=\"forminator-input forminator-email--field\" data-required=\"true\" aria-required=\"true\" autocomplete=\"email\" \/><\/div><\/div><\/div><div class=\"forminator-row\"><div id=\"phone-1\" class=\"forminator-field-phone forminator-col forminator-col-12 \"><div class=\"forminator-field\"><label for=\"forminator-field-phone-1_6a0214043b910\" id=\"forminator-field-phone-1_6a0214043b910-label\" class=\"forminator-label\">Telefonnummer<\/label><input type=\"text\" name=\"phone-1\" value=\"\" placeholder=\"E.g. +1 3004005000\" id=\"forminator-field-phone-1_6a0214043b910\" class=\"forminator-input forminator-field--phone\" data-required=\"\" aria-required=\"false\" autocomplete=\"off\" \/><\/div><\/div><\/div><div class=\"forminator-row\"><div id=\"textarea-1\" class=\"forminator-field-textarea forminator-col forminator-col-12 \"><div class=\"forminator-field\"><label for=\"forminator-field-textarea-1_6a0214043b910\" id=\"forminator-field-textarea-1_6a0214043b910-label\" class=\"forminator-label\">Meddelande<\/label><span id=\"forminator-field-textarea-1_6a0214043b910-description\" class=\"forminator-description\"><span data-limit=\"180\" data-type=\"characters\" data-editor=\"\">0 \/ 180<\/span><\/span><textarea name=\"textarea-1\" placeholder=\"Ditt meddelande...\" id=\"forminator-field-textarea-1_6a0214043b910\" class=\"forminator-textarea\" rows=\"6\" style=\"min-height:140px;\" maxlength=\"180\" ><\/textarea><\/div><\/div><\/div><div class=\"forminator-row\"><div id=\"checkbox-1\" class=\"forminator-field-checkbox forminator-col forminator-col-12 \"><div role=\"group\" class=\"forminator-field required\" aria-labelledby=\"forminator-checkbox-group-forminator-field-checkbox-1-6a0214043b910-label\"><span id=\"forminator-checkbox-group-forminator-field-checkbox-1-6a0214043b910-label\" class=\"forminator-label\">Personuppgifter <span class=\"forminator-required\">*<\/span><\/span><span id=\"forminator-field-checkbox-1-6a0214043b910-description\" class=\"forminator-description\">Observera att n\u00e4r du skickar in detta formul\u00e4r samlar vi in dina personuppgifter. Mer information om behandling av personuppgifter finns i v\u00e5r Integritetspolicy<\/span><label id=\"forminator-field-checkbox-1-1-6a0214043b910-label\" for=\"forminator-field-checkbox-1-1-6a0214043b910\" class=\"forminator-checkbox\" title=\".\"><input type=\"checkbox\" name=\"checkbox-1[]\" value=\"one\" id=\"forminator-field-checkbox-1-1-6a0214043b910\" aria-labelledby=\"forminator-field-checkbox-1-1-6a0214043b910-label\" data-calculation=\"0\"   data-hidden-behavior=\"zero\" aria-describedby=\"forminator-field-checkbox-1-6a0214043b910-description\"\/><span class=\"forminator-checkbox-box\" aria-hidden=\"true\"><\/span><span class=\"forminator-checkbox-label\">.<\/span><\/label><\/div><\/div><\/div><input type=\"hidden\" name=\"referer_url\" value=\"\" \/><div class=\"forminator-row forminator-row-last\"><div class=\"forminator-col\"><div class=\"forminator-field\"><button class=\"forminator-button forminator-button-submit\">Send Message<\/button><\/div><\/div><\/div><input type=\"hidden\" id=\"forminator_nonce\" name=\"forminator_nonce\" value=\"16c24914a1\" \/><input type=\"hidden\" name=\"_wp_http_referer\" value=\"\/kffs\/wp-json\/wp\/v2\/pages\/1094\" \/><input type=\"hidden\" name=\"form_id\" value=\"1096\"><input type=\"hidden\" name=\"page_id\" value=\"1094\"><input type=\"hidden\" name=\"form_type\" value=\"default\"><input type=\"hidden\" name=\"current_url\" value=\"https:\/\/www.addprofile.se\/kffs\/kontakta-oss\/\"><input type=\"hidden\" name=\"render_id\" value=\"0\"><input type=\"hidden\" name=\"action\" value=\"forminator_submit_form_custom-forms\"><\/form><\/div>","protected":false},"excerpt":{"rendered":"<p>Kontakta oss Om du beh\u00f6ver hj\u00e4lp \u00e4r vi bara ett klick, samtal eller mail bort. Ring, maila eller chatta med oss. Vi hj\u00e4lper dig g\u00e4rna!<\/p>\n","protected":false},"author":2,"featured_media":0,"parent":0,"menu_order":0,"comment_status":"closed","ping_status":"closed","template":"","meta":{"footnotes":""},"_links":{"self":[{"href":"https:\/\/www.addprofile.se\/kffs\/wp-json\/wp\/v2\/pages\/1094"}],"collection":[{"href":"https:\/\/www.addprofile.se\/kffs\/wp-json\/wp\/v2\/pages"}],"about":[{"href":"https:\/\/www.addprofile.se\/kffs\/wp-json\/wp\/v2\/types\/page"}],"author":[{"embeddable":true,"href":"https:\/\/www.addprofile.se\/kffs\/wp-json\/wp\/v2\/users\/2"}],"replies":[{"embeddable":true,"href":"https:\/\/www.addprofile.se\/kffs\/wp-json\/wp\/v2\/comments?post=1094"}],"version-history":[{"count":6,"href":"https:\/\/www.addprofile.se\/kffs\/wp-json\/wp\/v2\/pages\/1094\/revisions"}],"predecessor-version":[{"id":21665,"href":"https:\/\/www.addprofile.se\/kffs\/wp-json\/wp\/v2\/pages\/1094\/revisions\/21665"}],"wp:attachment":[{"href":"https:\/\/www.addprofile.se\/kffs\/wp-json\/wp\/v2\/media?parent=1094"}],"curies":[{"name":"wp","href":"https:\/\/api.w.org\/{rel}","templated":true}]}}